{"id":3,"date":"2023-06-28T11:09:41","date_gmt":"2023-06-28T11:09:41","guid":{"rendered":"https:\/\/snmf.ro\/ziua-medicului-de-familie\/?page_id=3"},"modified":"2025-04-08T09:20:09","modified_gmt":"2025-04-08T07:20:09","slug":"termeni-si-conditii","status":"publish","type":"page","link":"https:\/\/snmf.ro\/ziua-medicului-de-familie\/termeni-si-conditii\/","title":{"rendered":"Termeni si conditii"},"content":{"rendered":"<p>Asociatia Societatea Nationala de Medicina Familiei\/Medicina Generala, CUI RO7165839, cu sediul in Bucuresti, str. Popa Nan nr. 65 ap1. (in cele ce urmeaz\u0103 \u201eAsociatia Societatea Nationala de Medicina Familiei\/Medicina Generala\u201d) opereaza site-ul snmf.ro\/zmf\/<\/p>\n<p>In acceasta pagina va informam asupra politicilor noastre cu privire la colectarea si utilizarea datelor personale in momentul in care alegeti sa folositi Serviciul nostru.<\/p>\n<p><strong>Utilizarea de catre Profesionistii in Domeniul Sanatatii<\/strong><\/p>\n<p>Unele informatii sunt disponibile numai Profesionistilor in Domeniul Sanatatii. Acestea pot fi accesate doar dupa crearea unui cont, ca utilizator autentificat, in calitate de profesionist in domeniul sanatatii.<\/p>\n<p>La crearea contului, utilizatorul inregistrat cu datele de identificare din platforma snmf.ro au agreat rm\u0103toarele:<\/p>\n<p>Acesta reprezint\u0103 termenii si conditiile propuse de Asociatia Societatea Nationala de Medicina Familiei\/Medicina Generala \u0219i trebuie acceptat \u00eenainte de accesarea informatiilor destinate profesionistilor in domeniul sanatatii de pe site-ul snmf.ro\/zmf\/<\/p>\n<p>Crearea unui cont de utilizator, prin bifarea c\u0103su\u021bei \u2013 Am luat la cuno\u0219tin\u021b\u0103 de Termenii si conditiile de utilizare reprezint\u0103 o acceptare din partea utilizatorului a conditiilor specificate de Asociatia Societatea Nationala de Medicina Familiei\/Medicina Generala \u00een condi\u021biile stipulate de art. 9 din Legea comer\u021bului electronic 365\/2002. Bifarea c\u0103su\u021bei reprezint\u0103 o semn\u0103tur\u0103 electronic\u0103, \u00een sensul art. 4 pct. 3 din Legea semn\u0103turii electronice nr. 455\/2001, av\u00e2nd aceea\u0219i valoare cu o semnatur\u0103 olograf\u0103.<\/p>\n<p><strong>\u00cenregistrare, parole \u0219i responsabilit\u0103\u021bi<\/strong><\/p>\n<p>\u00cenregistrarea pe site-ul snmf.ro\/zmf\/ se face o data cu inscrierea la eveniment. Accesul utilizatorului (Profesionist in Domeniul Sanatatii) la anumite func\u021bionalit\u0103\u021bi din cadrul site-ului este permis doar Utilizatorilor care agreaza termenii si conditiile de utilizare a a siteului. V\u0103 recomand\u0103m s\u0103 nu dezv\u0103lui\u021bi nim\u0103nui parolele de acces.<\/p>\n<p>Din p\u0103cate, nicio transmisie de date prin intemediul internetului nu poate fi garantat\u0103 a fi 100% sigur\u0103. \u00cen consecin\u021b\u0103, \u00een ciuda eforturilor noastre de a v\u0103 proteja informa\u021bia \u0219i de a folosi protocoale securizate de transmitere a informa\u021biei (https), Asociatia Societatea Nationala de Medicina Familiei\/Medicina Generala nu poate asigura sau garanta securitatea informa\u021biilor transmise de dumneavoastr\u0103 c\u0103tre noi. V\u0103 avertiz\u0103m, a\u0219adar, c\u0103 orice informa\u021bie trimis\u0103 c\u0103tre noi se va face pe propriul dumneavoastr\u0103 risc.<\/p>\n<p>Orice acces neautorizat la elementele ne-publice ale site-ul snmf.ro sau accesul altor persoane \u00een afara celor neautorizate la un cont g\u0103zduit de noi reprezint\u0103 infrac\u021biunea de acces f\u0103r\u0103 drept la un sistem informatic \u0219i va fi sanc\u021bionat\u0103 conform legisla\u021biei rom\u00e2ne \u00een vigoare.<\/p>\n<p><strong>Drepturi de autor<\/strong><\/p>\n<p>Toate marcile si siglele care apar in acest site apartin posesorilor de drept. In afara cazurilor in care obiectele sunt identificate cu \u201cNEPROTEJAT DE DREPTURI DE AUTOR\u201d, continutul acestui site apartine Asociatia Societatea Nationala de Medicina Familiei\/Medicina Generala.<\/p>\n<p>Asociatia Societatea Nationala de Medicina Familiei\/Medicina Generala nu autorizeaza copierea documentelor si materialelor publicate pe acest site sau folosirea lor in alte scopuri decat cele expres mentionate. Este interzisa reproducerea, incorporarea, sau transmiterea, partiala sau totala a continutului, sub orice forma (tiparit, electronic sau in orice alt format) fara un acord scris din partea Asociatia Societatea Nationala de Medicina Familiei\/Medicina Generala S.R.L.<\/p>\n<p>Fie ca este specificat sau nu, marcile inregistrate, marcile de servicii sau logo-urile care apar pe acest site sunt proprietatea proprietarilor lor, in drept. Asociatia Societatea Nationala de Medicina Familiei\/Medicina Generala nu pretinde proprietatea sau afilierea cu marcile inregistrate ale unei terte parti in cazul in care acestea apar pe site.<\/p>\n<p><strong>Nici o garantie<\/strong><\/p>\n<p>Acest site este controlat si operat de Asociatia Societatea Nationala de Medicina Familiei\/Medicina Generala. Asociatia Societatea Nationala de Medicina Familiei\/Medicina Generala nu isi asuma nicio responsabilitate asupra continutului materialelor in site.<\/p>\n<p>Materialele de pe acest site sunt proprietatea autorilor lor, asa cum acestia au declarat si asa cum acestea apar pe acest site.<\/p>\n<p>ACESTE MATERIALE SUNT FURNIZATE IN STAREA LOR CURENTA, FARA GARANTII DE NICI UN FEL EXPLICITE SAU IMPLICITE, INCLUSIV DAR FARA LIMITARE, GARANTII ASUPRA CALITATII DE PROPRIETAR AL MATERIALELOR POSTATE, CONTINUTULUI MEDICAL, ADECVARII LA UN SCOP SPECIFIC. IN MOD EXPRES MATERIALELE DIN SITE NU CONFERA INFORMATII PENTRU MEDICATIE SAU AUTOMEDICATIE, PENTRU DIAGNOZA SAU AUTODIAGNOZA.<\/p>\n<p>Asociatia Societatea Nationala de Medicina Familiei\/Medicina Generala nu ofera garantii asupra acuratetii, completitudinii informatiilor, texte sau grafice, link-urilor sau altor elemente continute in acestea.<\/p>\n<p>Acest website a fost creat pentru furnizarea de informatii stiintiifice si de educatie medicala pentru profesionistii care activeaza in domeniul medical.<\/p>\n<p>Folosirea Platformei se face pe riscul utilizatorului. Asociatia Societatea Nationala de Medicina Familiei\/Medicina Generala nu va fi responsabil pentru nicio paguba directa sau indirecta, rezultata din culpa sau cu intentie, inclusiv, dar fara a se limita la greseli de diagnostic, de medicatie, pagube materiale, pagube morale, pierderi material, de reputatie, de imagine sau alte forme de pagube care ar putea rezulta din informatiile de pe acest site.<\/p>\n<p>Informatiile de pe acest site pot fi modificate in timp fara notificare prealabila si nu reprezinta o promisiune din partea Asociatia Societatea Nationala de Medicina Familiei\/Medicina Generala.<\/p>\n<p>Asociatia Societatea Nationala de Medicina Familiei\/Medicina Generala nu isi asuma responsibilitatea pentru infectarea cu virusi ca urmare a accesarii materialelor audio, video sau text de pe acest site.<\/p>\n<p><strong>Link-uri externe\/ Conexiuni hipertext<\/strong><\/p>\n<p>Acest site contine legaturi catre alte site-uri, care sunt in afara controlului Asociatia Societatea Nationala de Medicina Familiei\/Medicina Generala, care consideram ca sunt relevante in contextul respectiv. Daca accesati aceste site-uri, parasiti site-ul Asociatia Societatea Nationala de Medicina Familiei\/Medicina Generala si veti naviga sub alti termeni de utilizare, asa cum sunt definiti acestia in site-urile respective. Asociatia Societatea Nationala de Medicina Familiei\/Medicina Generala nu este responsabila pentru politica de confidentialitate sau termenii de utilizare ale acestor site-uri.<\/p>\n<p><strong>Date personale \/ Privacy policy<\/strong><\/p>\n<p>Formular<\/p>\n<p><strong>FORMULAR DE INFORMARE SI CONSIMTAMANT PRIVIND PRELUCRAREA DATELOR CU CARACTER PERSONAL<\/strong><\/p>\n<p>Asociatia Societatea Nationala de Medicina Familiei\/Medicina Generala respecta dreptul Dumneavoastr\u0103 la protec\u0163ia datelor cu caracter personal si considera ca de\u0163inerea si prelucrarea acestor date trebuie sa fie efectuata in deplina concordanta cu prevederile legale (Legea 677\/2001[1]).<\/p>\n<p>Prin urmare, in cele ce urmeaz\u0103, dorim sa va solicitam consim\u0163\u0103m\u00e2ntul pentru prelucrarea de c\u0103tre Societate a categoriilor de date personale mai jos men\u0163ionate precum si sa va informam cu privire la modul in care vom utiliza aceste date si drepturile pe care Dumneavoastr\u0103 le de\u0163ine\u0163i in conformitate cu legea.<\/p>\n<p><strong>Categorii de date personale privitoare la Dumneavoastr\u0103 prelucrate:<\/strong><\/p>\n<p><strong>Informatii furnizate de Dumneavoastra<\/strong><\/p>\n<p>Creare de cont. In scopul men\u0163ionat mai sus, sunte\u0163i rugat sa completa\u0163i c\u00e2mpurile prev\u0103zute in aceasta aplica\u0163ie cu urm\u0103toarele date: nume si prenume, adresa, e-mail, telefon mobil, profesie, loc de munca si adresa acestuia inclusiv telefon, specialitatea, grad profesional, cod de parafa, Cod Unic de Identificare Medic.<\/p>\n<p>Comunicare directa: Daca ne contactati direct prin mijloace electronice, vom dobandi informatii aditionale cum ar fi nume, adresa de email, telefon, continutul comunicarii, atasamente sau alte informatii pe care alegeti sa ni le furnizati.<\/p>\n<p>Adrese de email. In diferite locuri in site sunt formulare de contact care solicita introducerea unei adrese de email. Colectarea acestei adrese de email pentru utilizatorii neinregistrati este folosita pentru contact ulterior pe problemele pentru care am fost solicitati sau in alte scopuri.<\/p>\n<p><strong>Informatii colectate despre Dumneavoastra ca urmare utilizarii Platforma snmf.ro<\/strong><\/p>\n<p>Log-uri, Cookies, tehnologii de trasabilitate. Asociatia Societatea Nationala de Medicina Familiei\/Medicina Generala retine informatii de tip Log pentru a diagnostic eventuale probleme hardware sau software ale serverelor pe care ruleaza aplicatia, pentru a putea face comparatii cu rapoartele sumarizante. De asemeni sunt folosite cookies pentru a livra utilizatorilor continut specific sau pentru alte scopuri.  In special, dezvoltam intern capabilitati de trasabilitate automata pentru prevenirea fraudarii examenelor<\/p>\n<p>Folosirea adreselor IP:  O adres\u0103 IP (Internet Protocol) este un set de cifre care este alocat \u00een mod automat computerului dvs atunci c\u00e2nd v\u0103 loga\u0163i la furnizorul dvs de internet sau prin re\u0163eaua local\u0103 a organiza\u0163iei dvs (local area network \u2013 LAN) sau wide area network (WAN). Serverele de web identific\u0103 \u00een mod automat computerul dvs prin intermediul adresei de IP care v\u0103 este alocat\u0103 \u00een timpul sesiunii dvs online.<\/p>\n<p>Asociatia Societatea Nationala de Medicina Familiei\/Medicina Generala sau alte ter\u0163e p\u0103r\u0163i care ac\u0163ioneaz\u0103 \u00een numele s\u0103u poate colecta adresele de IP \u00een scopul administr\u0103rii sistemelor \u015fi pentru a audita utilizarea site-ului s\u0103u. Vom folosi adresele IP pentru a identifica utilizatorii site-ului nostru atunci c\u00e2nd consider\u0103m necesar s\u0103 instituim complian\u0163a cu termenii de utilizare ai site-ul sau s\u0103 ne protej\u0103m serviciul, site-ul sau utilizatorii.<\/p>\n<p>Cookies. Asociatia Societatea Nationala de Medicina Familiei\/Medicina Generala poate plasa un \u201ccookie\u201d \u00een browserul computerului dvs. Acestea sunt fi\u015fiere mici \u00een format text care ne furnizeaz\u0103 informa\u0163ii despre frecven\u0163a cu care un utilizator acceseaz\u0103 site-ul nostru \u015fi modul \u00een care \u00eel utilizeaz\u0103. Acestea nu con\u0163in informa\u0163ii care s\u0103 conduc\u0103 la identificarea unei persoane, dar, \u00een cazul \u00een care ne transmite\u0163i astfel de informa\u0163ii, de exemplu \u00eenregistr\u00e2ndu-v\u0103 pe site-ul nostru, este posibil ca acestea s\u0103 se coreleze cu informa\u0163iile stocate \u00een cookie.<\/p>\n<p><strong>Informatii pe care le primim de la alte Parti<\/strong><\/p>\n<p>Parteneri: Putem, de asemenea, primi informatii publice despre dvs de la partenerii nostri si sa le combinam cu informatiile pe care le avem despre dvs.<\/p>\n<p><strong>Informa\u0163ii care nu pot conduce la identificarea unei persoane<\/strong><\/p>\n<p>Asociatia Societatea Nationala de Medicina Familiei\/Medicina Generala colecteaz\u0103 de asemenea informa\u0163ii care nu pot conduce la identificarea unei persoane \u00een format cumulativ pentru a \u00eenregistra date cum ar fi num\u0103rul total de vizitatori de pe fiecare pagin\u0103 a website-ului nostru \u015fi numele de domeniu al furnizorilor de internet al vizitatorilor site-urilor noastre. Folosim aceste informa\u0163ii, care r\u0103m\u00e2n \u00een format cumulativ, pentru a \u00een\u0163elege maniera \u00een care vizitatorii utilizeaz\u0103 site-urile noastre pentru a le putea aduce \u00eembun\u0103t\u0103\u0163iri. Putem dezv\u0103lui aceste informa\u0163ii altor terti. \u00ceN CADRUL ACESTUI PROCES NU SUNT DEZV\u0102LUITE INFORMA\u0162II CARE POT CONDUCE LA IDENTIFICAREA UNEI PERSOANE.<\/p>\n<p><strong>In ce scop folosim informatiile dumneavoastra<\/strong><\/p>\n<p>Datele personale furnizate de Dumneavoastr\u0103 se vor utiliza in scopul participarii Dvs. la conferinta, si in vederea informarii dvs. cu privire la aspecte legate de calitatea de cadru medical.<\/p>\n<p>Pentru a confirma si verifica calitatea Dumneavoastra de Profesionist in Domeniul Sanatatii<\/p>\n<p>Pentru a raporta incidente de farmacovigilenta<\/p>\n<p>Pentru a realiza si mentine serviciile oferite<\/p>\n<p>Pentru a imbunatatii, personaliza si extinde serviciile<\/p>\n<p>Pentru a intelege si a analiza felul in care dvs folositi serviciile<\/p>\n<p>Pentru a dezvolta produse si servicii noi<\/p>\n<p>Pentru a comunica cu dvs privind noutatile privind serviciile sau in scopul de marketing si promovare<\/p>\n<p>Identificarea incercarilor de fraudare, in special fraudarea examinarilor online<\/p>\n<p>Pentru a asigura complianta cu termenii si conditiile sau alte drepturi legale sau in conformitate cu legile sau la cererea agentiilor guvernamentele sau a judecatorilor.<\/p>\n<p><strong>Destinatarii datelor personale privitoare la Dumneavoastr\u0103:<\/strong><\/p>\n<p>Informa\u0163iile furnizate de dumneavoastr\u0103 vor fi putea fi transferate catre:<\/p>\n<p>Organizatorul \/ Operatorul conferintei, SNMF, AMF Galati, entitatile abilitate sa administreze diplomele si catre Colegiul Medicilor<\/p>\n<p>Societ\u0103\u0163i farmaceutice care opereaza in Rom\u00e2nia.<\/p>\n<p>Furnizori de servicii. Am putea transfera informatiile dvs catre furnizori de servicii care executa aceste servicii in numele nostru cum ar fi (Intercom,Campaign Monitor, Monitive, Mailchimp, Google Analytics, Facebook, Hotjar, zoom etc)<\/p>\n<p>Reclama. Colaboram cu parteneri de marketing third party pentru a afisa reclamele care credem ca v-ar interesa. Acesti parteneri ar putea sa seteze si acceseze propriile cookies, pixel tags, si alte tehnologii similare asupra serviciilor noastre si ar putea sa colecteze de-a lungul timpului sau sa aiba acces asupra informatiilor referitoare la dvs prin intermediul diverselor servicii online<\/p>\n<p>Parteneri. De asemenea transferam informatii privind utilizatorii catre parteneri pentru a primi informatii publice aditionale disponibile despre dvs.<\/p>\n<p>Analytics. Folosim servicii de analytcs cum ar fi Google Analytics. Google Analytics foloseste cookies pentru a colecta informatii care nu pot duce la identificarea unei persoane. Google ofera optiuni suplimentare privind colectarea de date si cookies aici http:\/\/www.google.com\/policies\/privacy\/partners\/.<\/p>\n<p>Transferurile de business. Informatiile ar putea fi dezvaluite sau transferate catre orice potential cumparator\/cumparatori al activelor firmei Asociatia Societatea Nationala de Medicina Familiei\/Medicina Generala sau alte tranzactii simlare.<\/p>\n<p>Conform cerintelor legale. Informatiile pot fi dezvaluite organelor judiciare sau administrative competente, in virtutea aplicarii unor acte normative care face ca dezvaluire sa fie legala.<\/p>\n<p>Putem transfera datele dvs cu acordul dvs.<\/p>\n<p>In acest sens, Asociatia Societatea Nationala de Medicina Familiei\/Medicina Generala SRL se obliga sa asigure constant un nivel corespunz\u0103tor de protec\u0163ie a datelor cu caracter personal, respect\u00e2nd prevederile legale precum si masurile de securitate aplicabile.<\/p>\n<p><strong>Securitatea datelor personale privitoare la dumneavoastr\u0103:<\/strong><\/p>\n<p>Asociatia Societatea Nationala de Medicina Familiei\/Medicina Generala SRL va asigura masuri de securitate adecvate pentru protejarea datelor furnizate de Dumneavoastr\u0103 \u00eempotriva accesului neautorizat, distrugerii accidentale sau ilegale, pierderii, modific\u0103rii sau dezv\u0103luirii, precum si \u00eempotriva oric\u0103rei alte forme de prelucrare ilegala, in conformitate cu prevederile Ordinului Avocatului Poporului nr. 52\/2002.<\/p>\n<p><strong>Drepturi de care beneficia\u0163i conform Legii nr. 677\/2001:<\/strong><\/p>\n<p>Daca doriti sa accesati, corectati, actualiza sau emite o cerere de stergere a informatiilor personale puteti sa ne trimiteti un email in acest sens catre privacy@snmf.ro<\/p>\n<p>dreptul de acces la date (de a ob\u0163ine de la Asociatia Societatea Nationala de Medicina Familiei\/Medicina Generala la cerere si in mod gratuit pentru o solicitare pe an, confirmarea faptului ca datele dumneavoastr\u0103 sunt sau nu prelucrate),<\/p>\n<p>dreptul de interven\u0163ie asupra datelor (de a solicita rectificarea, actualizarea, blocarea sau \u015ftergerea datelor dumneavoastr\u0103  incomplete sau inexacte),<\/p>\n<p>dreptul de a v\u0103 opune \u00een orice moment, \u00een mod gratuit \u015fi f\u0103r\u0103 nicio justificare, ca datele care v\u0103 vizeaz\u0103 s\u0103 fie prelucrate \u00een scop de marketing direct, \u00een numele operatorului sau al unui ter\u0163, sau s\u0103 fie dezv\u0103luite unor ter\u0163i \u00een asemenea scop, \u00een conformitate cu art. 15 alin. 2 din Legea nr. 677\/2001, modificat\u0103 \u015fi completat\u0103,<\/p>\n<p>dreptul de a v\u0103 adresa justi\u0163iei daca aprecia\u0163i ca drepturile Dumneavoastr\u0103 nu sunt respectate, etc.<\/p>\n<p>dreptul de a fi informat, \u00een scris, prin intermediul documentelor prin care datele personale sunt colectate \u015fi prin afi\u015farea unei note informative pe pagina de web a operatorului cu privire la toate informa\u0163iile prev\u0103zute de art. 12 din Legea nr. 677\/2001, modificat\u0103 \u015fi completat\u0103,<\/p>\n<p>dreptul de a nu fi obiectul unei decizii individuale.<\/p>\n<p>Dreptul de a renunta oricand la comunicarile de tip marketing. Puteti sa va exercita acest drept prin click pe linkul \u201cunsubscribe\u201d sau \u201copt-out\u201d pe care il puteti gasi in emailurile de marketing. Pentru a renunta la alte forme de marketing puteti sa ne contactati la privacy@snmf.ro De asemenea, puteti sa va retrageti oricand acordul privind dreptul de prelucrare a datelor personale. Retragerea acordului nu afecteaza drepturile privind prelucarea datelor personale inainte de retragere.<\/p>\n<p>IMPORTANT: In cazul in care va exercitati dreptul de a va opune ca datele care v\u0103 vizeaz\u0103 s\u0103 fie prelucrate \u00een scop de marketing direct, \u00een numele operatorului sau al unui ter\u0163, sau s\u0103 fie dezv\u0103luite unor ter\u0163i \u00een asemenea scop, \u00een conformitate cu art. 15 alin. 2 din Legea nr. 677\/2001, modificat\u0103 \u015fi completat\u0103 NU vom putea asigura accesul dumneavoastra la anumite sectiuni ale site-ului.<\/p>\n<p>Pentru exercitarea oric\u0103ruia din drepturile Dumneavoastr\u0103 mai sus indicate, puteti sa va adresa\u0163i si cu o cerere scris\u0103, datat\u0103 \u015fi semnat\u0103 la sediul\u00ad\u00ad\u00ad\u00ad\u00ad\u00ad\u00ad\u00ad\u00ad\u00ad\u00ad\u00ad\u00ad\u00ad\u00ad\u00ad\u00ad\u00ad\u00ad\u00ad\u00ad Asociatia Societatea Nationala de Medicina Familiei\/Medicina Generala SRL din Bucuresti, str. Elena Caragiani nr. 12-14 bloc 3I, Scara A, etaj 2, ap. 6 camera 2.<\/p>\n<p>[1] Legea 677\/2001 se refera la protec\u0163ia persoanelor cu privire la prelucrarea datelor cu caracter personal \u015fi libera circula\u0163ie a acestor date.<\/p>\n<p><strong id=\"conditii_plata\">Termeni si conditii de accesare si plata a evenimentului<\/strong><\/p>\n<p>Plata prin intermediul site-ului snmf.ro \u2013 termeni si conditii de plata SC Asociatia Societatea Nationala de Medicina Familiei\/Medicina Generala SRL foloseste cele mai sigure metode de plata disponibile pentru a asigura ca procesarea platii dvs. va fi executata in conditii de maxima siguranta si securitate.<\/p>\n<p>Metodele de plata acceptate sunt:<\/p>\n<p>a) Plata cu card<\/p>\n<p>In timpul inscrierii la evenimente veti fi redirectionat catre serverul securizat de plata LibraPay.<\/p>\n<p>Daca ati ales metoda de plata prin card \u201eon line\u201d este necesar sa completati un formular cu informatiile despre cardul dumneavoastra. Pentru platile cu carduri de credit\/debit emise sub sigla Visa si MasterCard (Visa\/Visa Electron si Mastercard\/Maestro) este folosit sistemul \u201e3-D Secure\u201d elaborat de aceste organizatii care asigura tranzactiile on-line acelasi nivel de securitate ca cele realizate la bancomat sau in mediul fizic, la comerciant. \u201e3-D Secure\u201d asigura in primul rand ca nici o informatie legata de cardul dumneavoastra nu este transferata sau stocata, la nici un moment de timp, pe serverele noastre sau pe serverele LibraPay, aceste date fiind direct introduse in sistemele Visa si MasterCard. In plus, \u201e3-D Secure\u201d este un sistem de autentificare a identitatii posesorilor de carduri in mediu electronic. Procesul de autentificare a posesorului cardului se face pe baza codului de securitate cunoscut numai de posesor si se desfasoara numai pe serverele Visa sau MasterCard, dupa caz. Sistemul \u201e3-D Secure\u201d permite efectuarea de cumparaturi on-line cu orice card emis sub licenta Visa sau MasterCard, inclusiv cele de debit si cele electronice Maestro si Visa Electron. Sunt acceptate si cardurile virtuale emise de aceste organizatii.<\/p>\n<p><strong>Facturare<\/strong><\/p>\n<p>Factura se emite in mod electronic in termen de 7 zile de la efectuarea platii online.<\/p>\n<p><strong id=\"retur\">Politica de returnare<\/strong><\/p>\n<p>Anularea inscrierii la eveniment se poate realiza astfel:<\/p>\n<p>daca solicitarea pentru anulare se face cu pana la 2 zile calendaristice anterior evenimentului se returneaza integral suma achitata; dupa acest termen suma achitata nu se mai returneaza. <\/p>\n<p>Anularea inscrierii la eveniment se poate face numai prin notificare scrisa \u0219i trimisa la adresa inscrieri@snmf.ro<\/p>\n<p>Restituirea banilor se realizeaz\u0103 prin transfer bancar in termen de 10 zile lucratoare de la aprobarea returnarii, in conditiile specificate mai sus.<\/p>\n<p>In cazul anularii conferintei raspunderea Asociatia Societatea Nationala de Medicina Familiei\/Medicina Generala SRL este limitata la restituirea taxelor participare platite.<\/p>\n<p>Asociatia Societatea Nationala de Medicina Familiei\/Medicina Generala SRL nu este responsabila pentru eventualele pierderi sau daune ca urmare modificarii, anularii sau amanarii evenimentului.<\/p>\n<p>Data ultimei actualizari 20 martie 2025<\/p>\n","protected":false},"excerpt":{"rendered":"<p>Asociatia Societatea Nationala de Medicina Familiei\/Medicina Generala, CUI RO7165839, cu sediul in Bucuresti, str. Popa Nan nr. 65 ap1. (in cele ce urmeaz\u0103 \u201eAsociatia Societatea Nationala de Medicina Familiei\/Medicina Generala\u201d) opereaza site-ul snmf.ro\/zmf\/ In acceasta pagina va informam asupra politicilor noastre cu privire la colectarea si utilizarea datelor personale in momentul in care alegeti sa [&hellip;]<\/p>\n","protected":false},"author":1,"featured_media":0,"parent":0,"menu_order":0,"comment_status":"closed","ping_status":"open","template":"","meta":{"footnotes":""},"class_list":["post-3","page","type-page","status-publish","hentry"],"_links":{"self":[{"href":"https:\/\/snmf.ro\/ziua-medicului-de-familie\/wp-json\/wp\/v2\/pages\/3","targetHints":{"allow":["GET"]}}],"collection":[{"href":"https:\/\/snmf.ro\/ziua-medicului-de-familie\/wp-json\/wp\/v2\/pages"}],"about":[{"href":"https:\/\/snmf.ro\/ziua-medicului-de-familie\/wp-json\/wp\/v2\/types\/page"}],"author":[{"embeddable":true,"href":"https:\/\/snmf.ro\/ziua-medicului-de-familie\/wp-json\/wp\/v2\/users\/1"}],"replies":[{"embeddable":true,"href":"https:\/\/snmf.ro\/ziua-medicului-de-familie\/wp-json\/wp\/v2\/comments?post=3"}],"version-history":[{"count":6,"href":"https:\/\/snmf.ro\/ziua-medicului-de-familie\/wp-json\/wp\/v2\/pages\/3\/revisions"}],"predecessor-version":[{"id":686,"href":"https:\/\/snmf.ro\/ziua-medicului-de-familie\/wp-json\/wp\/v2\/pages\/3\/revisions\/686"}],"wp:attachment":[{"href":"https:\/\/snmf.ro\/ziua-medicului-de-familie\/wp-json\/wp\/v2\/media?parent=3"}],"curies":[{"name":"wp","href":"https:\/\/api.w.org\/{rel}","templated":true}]}}